{"id":1687,"date":"2019-05-20T11:35:54","date_gmt":"2019-05-20T11:35:54","guid":{"rendered":"http:\/\/www.themetechmount.in\/wordpress\/zippco\/?page_id=1687"},"modified":"2021-02-19T03:26:26","modified_gmt":"2021-02-19T03:26:26","slug":"preguntas-frecuentes","status":"publish","type":"page","link":"https:\/\/elultimocigarrillo.com.ar\/index.php\/preguntas-frecuentes\/","title":{"rendered":"Preguntas Frecuentes"},"content":{"rendered":"<p>[vc_row tm_bgimagefixed=\u00bb\u00bb full_width=\u00bbstretch_row\u00bb css=\u00bb.vc_custom_1559724869336{padding-bottom: 15px !important;}\u00bb tm_responsive_css=\u00bb50776674|colbreak_no|||||||||colbreak_no|||||50px||0px||colbreak_no||||||||||colbreak_no|||||||||\u00bb][vc_column]<div class=\"tm-element-heading-wrapper tm-heading-inner tm-element-align-center tm-seperator-solid tm-heading-style-vertical \"><section class=\"tm-vc_cta3-container\"><div class=\"tm-vc_general tm-vc_cta3 tm-cta3-only tm-vc_cta3-style-classic tm-vc_cta3-shape-rounded tm-vc_cta3-align-center tm-vc_cta3-color-transparent tm-vc_cta3-icon-size-md tm-vc_cta3-actions-no tm-cta3-with-desc\"><div class=\"tm-vc_cta3_content-container\"><div class=\"tm-vc_cta3-content\"><header class=\"tm-vc_cta3-content-header tm-wrap\"><div class=\"tm-vc_cta3-headers tm-wrap-cell\"><h2 class=\"tm-custom-heading \" >\u00bfTen\u00e9s m\u00e1s preguntas?<\/h2>\n<\/div><\/header><div class=\"tm-cta3-content-wrapper\"><p>En \u00abEl \u00faltimo cigarrillo\u00bb vamos a intentar responderte todo para que dejes tu adicci\u00f3n.<\/p><\/div><\/div><\/div><\/div><\/section><\/div> <!-- .tm-element-heading-wrapper container --> [\/vc_column][\/vc_row][vc_row tm_bgimagefixed=\u00bb\u00bb break_in_responsive=\u00bb991&#8243; full_width=\u00bbstretch_row\u00bb css=\u00bb.vc_custom_1559724923176{padding-top: 0px !important;padding-bottom: 60px !important;}\u00bb tm_responsive_css=\u00bb62407954|colbreak_no|||||||||colbreak_no|||||||30px||colbreak_no|||||||30px|||colbreak_no|||||||||\u00bb][vc_column width=\u00bb1\/2&#8243;][vc_row_inner css=\u00bb.vc_custom_1553255710042{margin-right: 0px !important;margin-left: 0px !important;}\u00bb][vc_column_inner css=\u00bb.vc_custom_1607967825795{padding-top: 194px !important;padding-bottom: 180px !important;background-image: url(https:\/\/elultimocigarrillo.com.ar\/wp-content\/uploads\/2020\/12\/Sin-titulo-2.jpg?id=2524) !important;background-position: center !important;background-repeat: no-repeat !important;background-size: cover !important;}\u00bb tm_responsive_css=\u00bb70308169|colbreak_no|||||||||colbreak_no|||||||||colbreak_no|||||160px||160px|||colbreak_no|||||||||\u00bb]<div class=\"tm-vc_icon_element tm-vc_icon_element-outer tm-vc_icon_element-align-center  tm-vc_icon_element-have-style tm_prettyphoto\"><div class=\"tm-vc_icon_element-inner  tm-vc_icon_element-have-style-inner tm-vc_icon_element-color-white tm-vc_icon_element-size-md tm-vc_icon_element-style-rounded tm-vc_icon_element-background tm-vc_icon_element-background-color-skincolor\" ><span class=\"tm-vc_icon_element-icon themifyicon ti-control-play\" ><\/span><a class=\"tm-vc_icon_element-link\" href=\"#\" title=\"\" target=\"_self\"><\/a><\/div><\/div>[\/vc_column_inner][\/vc_row_inner][\/vc_column][vc_column width=\u00bb1\/2&#8243; tm_responsive_css=\u00bb96115374|colbreak_no|||||||||colbreak_no|||||30px||||colbreak_no|||||25px|||||colbreak_no|||||||||\u00bb][vc_tta_accordion style=\u00bboutline\u00bb color=\u00bbgrey\u00bb gap=\u00bb15&#8243; c_position=\u00bbright\u00bb active_section=\u00bb1&#8243;][vc_tta_section title=\u00bb\u00bfServir\u00e1 para m\u00ed?\u00bb tab_id=\u00bb1559361796986-f9c55d64-398e\u00bb][vc_column_text]<\/p>\n<div id=\"1549004535827-b3afa67a-3a5e\" class=\"vc_tta-panel vc_active\" data-vc-content=\".vc_tta-panel-body\">\n<div class=\"vc_tta-panel-body\">\n<div class=\"wpb_text_column wpb_content_element \">\n<div class=\"wpb_wrapper\">\n<div class=\"four columns alpha\">\n<div class=\"content_div\">\n<p>El m\u00e9todo sirve para cualquier clase de fumador. Llevar muchos a\u00f1os fumando no determina la posibilidad de \u00e9xito. Cualquiera puede dejar de fumar si entiende el problema.<\/p>\n<\/div>\n<\/div>\n<\/div>\n<\/div>\n<\/div>\n<\/div>\n<p>[\/vc_column_text][\/vc_tta_section][vc_tta_section title=\u00bb\u00bfEsto me sirve?\u00bb tab_id=\u00bb1559361797052-fdd17270-f264&#8243;][vc_column_text]<\/p>\n<div id=\"1549004535827-b3afa67a-3a6e\" class=\"vc_tta-panel vc_active\" data-vc-content=\".vc_tta-panel-body\">\n<div class=\"vc_tta-panel-body\">\n<div class=\"wpb_text_column wpb_content_element \">\n<div class=\"wpb_wrapper\">\n<div class=\"four columns\">\n<div class=\"content_div\">\n<p class=\"editContent\">En caso de que no te encuentres fumando pero le este costando no fumar, la terapia te har\u00e1 sentirte confiado y c\u00f3modo al igual que un no fumador.<\/p>\n<\/div>\n<\/div>\n<\/div>\n<\/div>\n<\/div>\n<\/div>\n<p>[\/vc_column_text][\/vc_tta_section][vc_tta_section title=\u00bb\u00bfVoy a extra\u00f1ar fumar?\u00bb tab_id=\u00bb1559361797107-7468489f-ebef\u00bb][vc_column_text]<\/p>\n<div id=\"1549004535827-b3afa67a-3a7e\" class=\"vc_tta-panel vc_active\" data-vc-content=\".vc_tta-panel-body\">\n<div class=\"vc_tta-panel-body\">\n<div class=\"wpb_text_column wpb_content_element \">\n<div class=\"wpb_wrapper\">\n<div class=\"four columns\">\n<div class=\"content_div\">\n<p class=\"editContent\">Cuando finalices el\u00a0 tratamiento vas a sentir que no lo deseas y que tampoco necesitas.<\/p>\n<\/div>\n<\/div>\n<\/div>\n<\/div>\n<\/div>\n<\/div>\n<p>[\/vc_column_text][\/vc_tta_section][vc_tta_section title=\u00bbNo s\u00e9 si puedo lograrlo\u00bb tab_id=\u00bb1559361797175-8c8e1e1d-ca8a\u00bb][vc_column_text]<\/p>\n<div id=\"1549004535827-b3afa67a-3a8e\" class=\"vc_tta-panel vc_active\" data-vc-content=\".vc_tta-panel-body\">\n<div class=\"vc_tta-panel-body\">\n<div class=\"wpb_text_column wpb_content_element \">\n<div class=\"wpb_wrapper\">\n<div id=\"section_text_4\" class=\"pixfort_text_4 pix_builder_bg\">\n<div class=\"container \">\n<div class=\"four columns omega\">\n<div class=\"content_div\">\n<p class=\"editContent\">Dejar\u00e1s de fumar en el momento en que no sientas m\u00e1s necesidad, adem\u00e1s el psic\u00f3logo te acompa\u00f1ar\u00e1 en todos los intentos hasta lograrlo. Seguir intentando es triunfar, dejar de intentar es fracasar.<\/p>\n<\/div>\n<\/div>\n<\/div>\n<\/div>\n<\/div>\n<\/div>\n<\/div>\n<\/div>\n<p>[\/vc_column_text][\/vc_tta_section][vc_tta_section title=\u00bbNo estoy seguro\/a si dejar de fumar\u00bb tab_id=\u00bb1559361797236-bf7ea967-42f5&#8243;][vc_column_text]<\/p>\n<div id=\"1549004535827-b3afa67a-3a9e\" class=\"vc_tta-panel vc_active\" data-vc-content=\".vc_tta-panel-body\">\n<div class=\"vc_tta-panel-body\">\n<div class=\"wpb_text_column wpb_content_element \">\n<div class=\"wpb_wrapper\">\n<div class=\"four columns alpha\">\n<div class=\"content_div\">\n<p>Podr\u00e1s asistir a una primera consulta para esclarecer todas las dudas y sentir la seguridad de emprender este hermoso camino hacia la libertad.<\/p>\n<\/div>\n<\/div>\n<\/div>\n<\/div>\n<\/div>\n<\/div>\n<p>[\/vc_column_text][\/vc_tta_section][vc_tta_section title=\u00bb\u00bfUtiliza medicaci\u00f3n?\u00bb tab_id=\u00bb1607966363612-66d5e43f-7a3c\u00bb][vc_column_text]<\/p>\n<div class=\"four columns\">\n<div class=\"content_div\">\n<p class=\"editContent\">Esta metodolog\u00eda funciona perfectamente sin medicaci\u00f3n, no existe ninguna pastilla que quite el deseo de fumar.<\/p>\n<\/div>\n<\/div>\n<p>[\/vc_column_text][\/vc_tta_section][vc_tta_section title=\u00bb\u00bfAumentar\u00e9 de peso?\u00bb tab_id=\u00bb1607966397035-af3b8cb9-1c1b\u00bb][vc_column_text]<\/p>\n<div class=\"four columns\">\n<div class=\"content_div\">\n<p class=\"editContent\">Contar\u00e1s con las herramientas para controlar la ansiedad por la retirada de la nicotina.<\/p>\n<\/div>\n<\/div>\n<p>[\/vc_column_text][\/vc_tta_section][vc_tta_section title=\u00bb\u00bfQu\u00e9 precio tiene?\u00bb tab_id=\u00bb1607966416087-004a8889-9b29&#8243;][vc_column_text]<\/p>\n<div class=\"container \">\n<div class=\"four columns omega\">\n<div class=\"content_div\">\n<p class=\"editContent\">El costo es menor a lo que un fumador promedio gasta en un mes.<\/p>\n<\/div>\n<\/div>\n<\/div>\n<p>[\/vc_column_text][\/vc_tta_section][\/vc_tta_accordion][\/vc_column][\/vc_row][vc_row tm_bgimagefixed=\u00bb\u00bb break_in_responsive=\u00bb991&#8243; full_width=\u00bbstretch_row\u00bb css=\u00bb.vc_custom_1559724956088{padding-top: 0px !important;padding-bottom: 95px !important;}\u00bb tm_responsive_css=\u00bb20684006|colbreak_no|||||||||colbreak_no|||||||60px||colbreak_no||||||||||colbreak_no|||||||||\u00bb][vc_column width=\u00bb1\/3&#8243;]<div class=\"tm-sbox tm-sbox-iconalign-left-spacing none tm-sbox-bgcolor-white tm-bgcolor-white tm-sbox-textcolor- tm-textcolor- tm-sbox-isize-xl tm-sbox-isize-xl tm-sbox-istyle-none vc_custom_1607966770238 tm-bgcolor-yes tm-sbox-heading-only\"><section class=\"tm-vc_cta3-container\"><div class=\"tm-vc_general tm-vc_cta3 tm-vc_cta3-align-left tm-vc_cta3-icon-size-xl tm-vc_cta3-icons-left tm-vc_cta3-actions-no\"><div class=\"tm-vc_cta3-icons tm-wrap-cell\"><div class=\"tm-vc_icon_element tm-vc_icon_element-outer tm-vc_icon_element-align-left \"><div class=\"tm-vc_icon_element-inner  tm-vc_icon_element-color-skincolor tm-vc_icon_element-size-xl tm-vc_icon_element-style-none tm-vc_icon_element-background-color-grey\" ><span class=\"tm-vc_icon_element-icon kw_zippco flaticon-idea\" ><\/span><\/div><\/div><\/div><div class=\"tm-vc_cta3_content-container\"><div class=\"tm-vc_cta3-content\"><div class=\"tm-vc_cta3-content-header tm-wrap\"><div class=\"tm-vc_cta3-headers tm-wrap-cell\"><h2 class=\"tm-custom-heading \" >Simple<\/h2>\n<\/div><\/div><\/div><div class=\"tm-cta3-desc-btn-wrapper\"><div class=\"tm-cta3-description\"><div class=\"tm-cta3-content-wrapper\"><p>El programa tiene un costo menor a lo que un fumador promedio gasta en un mes<\/p><\/div><\/div><\/div><\/div><\/div><\/section><\/div>[\/vc_column][vc_column width=\u00bb1\/3&#8243;]<div class=\"tm-sbox tm-sbox-iconalign-left-spacing none tm-sbox-bgcolor-white tm-bgcolor-white tm-sbox-textcolor- tm-textcolor- tm-sbox-isize-xl tm-sbox-isize-xl tm-sbox-istyle-none vc_custom_1607966642925 tm-bgcolor-yes tm-sbox-heading-only\"><section class=\"tm-vc_cta3-container\"><div class=\"tm-vc_general tm-vc_cta3 tm-vc_cta3-align-left tm-vc_cta3-icon-size-xl tm-vc_cta3-icons-left tm-vc_cta3-actions-no\"><div class=\"tm-vc_cta3-icons tm-wrap-cell\"><div class=\"tm-vc_icon_element tm-vc_icon_element-outer tm-vc_icon_element-align-left \"><div class=\"tm-vc_icon_element-inner  tm-vc_icon_element-color-skincolor tm-vc_icon_element-size-xl tm-vc_icon_element-style-none tm-vc_icon_element-background-color-grey\" ><span class=\"tm-vc_icon_element-icon kw_zippco flaticon-consultation\" ><\/span><\/div><\/div><\/div><div class=\"tm-vc_cta3_content-container\"><div class=\"tm-vc_cta3-content\"><div class=\"tm-vc_cta3-content-header tm-wrap\"><div class=\"tm-vc_cta3-headers tm-wrap-cell\"><h2 class=\"tm-custom-heading \" >Uno a uno<\/h2>\n<\/div><\/div><\/div><div class=\"tm-cta3-desc-btn-wrapper\"><div class=\"tm-cta3-description\"><div class=\"tm-cta3-content-wrapper\"><p>Contar\u00e1s con personal calificado para hacerte el seguimiento correspondiente<\/p><\/div><\/div><\/div><\/div><\/div><\/section><\/div>[\/vc_column][vc_column width=\u00bb1\/3&#8243;]<div class=\"tm-sbox tm-sbox-iconalign-left-spacing none tm-sbox-bgcolor-white tm-bgcolor-white tm-sbox-textcolor- tm-textcolor- tm-sbox-isize-xl tm-sbox-isize-xl tm-sbox-istyle-none vc_custom_1607966807413 tm-bgcolor-yes tm-sbox-heading-only\"><section class=\"tm-vc_cta3-container\"><div class=\"tm-vc_general tm-vc_cta3 tm-vc_cta3-align-left tm-vc_cta3-icon-size-xl tm-vc_cta3-icons-left tm-vc_cta3-actions-no\"><div class=\"tm-vc_cta3-icons tm-wrap-cell\"><div class=\"tm-vc_icon_element tm-vc_icon_element-outer tm-vc_icon_element-align-left \"><div class=\"tm-vc_icon_element-inner  tm-vc_icon_element-color-skincolor tm-vc_icon_element-size-xl tm-vc_icon_element-style-none tm-vc_icon_element-background-color-grey\" ><span class=\"tm-vc_icon_element-icon kw_zippco flaticon-consultant-1\" ><\/span><\/div><\/div><\/div><div class=\"tm-vc_cta3_content-container\"><div class=\"tm-vc_cta3-content\"><div class=\"tm-vc_cta3-content-header tm-wrap\"><div class=\"tm-vc_cta3-headers tm-wrap-cell\"><h2 class=\"tm-custom-heading \" >Renovate<\/h2>\n<\/div><\/div><\/div><div class=\"tm-cta3-desc-btn-wrapper\"><div class=\"tm-cta3-description\"><div class=\"tm-cta3-content-wrapper\"><p>Una vida sin adicciones, es una vida nueva<\/p><\/div><\/div><\/div><\/div><\/div><\/section><\/div>[\/vc_column][\/vc_row][vc_row tm_bgcolor=\u00bbgrey\u00bb tm_bgimagefixed=\u00bb\u00bb full_width=\u00bbstretch_row\u00bb][vc_column][vc_column_text]<\/p>\n<h2>Contactate con nosotros<\/h2>\n<p>[\/vc_column_text]\n<div class=\"wpcf7 no-js\" id=\"wpcf7-f7-o1\" lang=\"es-ES\" dir=\"ltr\">\n<div class=\"screen-reader-response\"><p role=\"status\" aria-live=\"polite\" aria-atomic=\"true\"><\/p> <ul><\/ul><\/div>\n<form action=\"\/index.php\/wp-json\/wp\/v2\/pages\/1687#wpcf7-f7-o1\" method=\"post\" class=\"wpcf7-form init\" aria-label=\"Formulario de contacto\" novalidate=\"novalidate\" data-status=\"init\">\n<div style=\"display: none;\">\n<input type=\"hidden\" name=\"_wpcf7\" value=\"7\" \/>\n<input type=\"hidden\" name=\"_wpcf7_version\" value=\"5.9.8\" \/>\n<input type=\"hidden\" name=\"_wpcf7_locale\" value=\"es_ES\" \/>\n<input type=\"hidden\" name=\"_wpcf7_unit_tag\" value=\"wpcf7-f7-o1\" \/>\n<input type=\"hidden\" name=\"_wpcf7_container_post\" value=\"0\" \/>\n<input type=\"hidden\" name=\"_wpcf7_posted_data_hash\" value=\"\" \/>\n<input type=\"hidden\" name=\"_wpcf7_recaptcha_response\" value=\"\" \/>\n<\/div>\n<div class=\"tm-commonform contactform-1\">\n\t<div class=\"row\">\n\t\t<div class=\"col-md-6\">\n\t\t\t<p><span class=\"wpcf7-form-control-wrap\" data-name=\"your-name\"><input size=\"40\" maxlength=\"400\" class=\"wpcf7-form-control wpcf7-text wpcf7-validates-as-required\" aria-required=\"true\" aria-invalid=\"false\" placeholder=\"Tu Nombre\" value=\"\" type=\"text\" name=\"your-name\" \/><\/span>\n\t\t\t<\/p>\n\t\t<\/div>\n\t\t<div class=\"col-md-6\">\n\t\t\t<p><span class=\"wpcf7-form-control-wrap\" data-name=\"your-email\"><input size=\"40\" maxlength=\"400\" class=\"wpcf7-form-control wpcf7-email wpcf7-validates-as-required wpcf7-text wpcf7-validates-as-email\" aria-required=\"true\" aria-invalid=\"false\" placeholder=\"Tu Email\" value=\"\" type=\"email\" name=\"your-email\" \/><\/span>\n\t\t\t<\/p>\n\t\t<\/div>\n\t<\/div>\n\t<div class=\"row\">\n\t\t<div class=\"col-md-6\">\n\t\t\t<p><span class=\"wpcf7-form-control-wrap\" data-name=\"your-phone\"><input size=\"40\" maxlength=\"400\" class=\"wpcf7-form-control wpcf7-text\" aria-invalid=\"false\" placeholder=\"Tu Tel\u00e9fono\" value=\"\" type=\"text\" name=\"your-phone\" \/><\/span>\n\t\t\t<\/p>\n\t\t<\/div>\n\t\t<div class=\"col-md-6\">\n\t\t\t<p><span class=\"wpcf7-form-control-wrap\" data-name=\"your-subject\"><input size=\"40\" maxlength=\"400\" class=\"wpcf7-form-control wpcf7-text wpcf7-validates-as-required\" aria-required=\"true\" aria-invalid=\"false\" placeholder=\"Asunto\" value=\"\" type=\"text\" name=\"your-subject\" \/><\/span>\n\t\t\t<\/p>\n\t\t<\/div>\n\t<\/div>\n\t<div class=\"row\">\n\t\t<div class=\"col-md-12\">\n\t\t\t<p><span class=\"wpcf7-form-control-wrap\" data-name=\"your-message\"><textarea cols=\"40\" rows=\"3\" maxlength=\"2000\" class=\"wpcf7-form-control wpcf7-textarea wpcf7-validates-as-required\" aria-required=\"true\" aria-invalid=\"false\" placeholder=\"Mensaje\" name=\"your-message\"><\/textarea><\/span>\n\t\t\t<\/p>\n\t\t<\/div>\n\t<\/div>\n<\/div>\n<p><input class=\"wpcf7-form-control wpcf7-submit has-spinner\" type=\"submit\" value=\"Enviar\" \/>\n<\/p><div class=\"wpcf7-response-output\" aria-hidden=\"true\"><\/div>\n<\/form>\n<\/div>\n[\/vc_column][\/vc_row]<\/p>\n","protected":false},"excerpt":{"rendered":"<p>[vc_row tm_bgimagefixed=\u00bb\u00bb full_width=\u00bbstretch_row\u00bb css=\u00bb.vc_custom_1559724869336{padding-bottom: 15px !important;}\u00bb tm_responsive_css=\u00bb50776674|colbreak_no|||||||||colbreak_no|||||50px||0px||colbreak_no||||||||||colbreak_no|||||||||\u00bb][vc_column][\/vc_column][\/vc_row][vc_row tm_bgimagefixed=\u00bb\u00bb break_in_responsive=\u00bb991&#8243; full_width=\u00bbstretch_row\u00bb css=\u00bb.vc_custom_1559724923176{padding-top: 0px !important;padding-bottom: 60px !important;}\u00bb tm_responsive_css=\u00bb62407954|colbreak_no|||||||||colbreak_no|||||||30px||colbreak_no|||||||30px|||colbreak_no|||||||||\u00bb][vc_column width=\u00bb1\/2&#8243;][vc_row_inner css=\u00bb.vc_custom_1553255710042{margin-right: 0px !important;margin-left: 0px !important;}\u00bb][vc_column_inner css=\u00bb.vc_custom_1607967825795{padding-top: 194px !important;padding-bottom: 180px !important;background-image: url(https:\/\/elultimocigarrillo.com.ar\/wp-content\/uploads\/2020\/12\/Sin-titulo-2.jpg?id=2524) !important;background-position: center !important;background-repeat: no-repeat !important;background-size: cover !important;}\u00bb tm_responsive_css=\u00bb70308169|colbreak_no|||||||||colbreak_no|||||||||colbreak_no|||||160px||160px|||colbreak_no|||||||||\u00bb][\/vc_column_inner][\/vc_row_inner][\/vc_column][vc_column width=\u00bb1\/2&#8243; tm_responsive_css=\u00bb96115374|colbreak_no|||||||||colbreak_no|||||30px||||colbreak_no|||||25px|||||colbreak_no|||||||||\u00bb][vc_tta_accordion style=\u00bboutline\u00bb color=\u00bbgrey\u00bb gap=\u00bb15&#8243; c_position=\u00bbright\u00bb active_section=\u00bb1&#8243;][vc_tta_section title=\u00bb\u00bfServir\u00e1 para m\u00ed?\u00bb tab_id=\u00bb1559361796986-f9c55d64-398e\u00bb][vc_column_text] El m\u00e9todo sirve para cualquier clase de fumador. &hellip; <a href=\"https:\/\/elultimocigarrillo.com.ar\/index.php\/preguntas-frecuentes\/\" class=\"more-link\">Continue reading <span class=\"screen-reader-text\">Preguntas Frecuentes<\/span><\/a><\/p>\n","protected":false},"author":1,"featured_media":0,"parent":0,"menu_order":11,"comment_status":"closed","ping_status":"closed","template":"","meta":{"footnotes":""},"class_list":["post-1687","page","type-page","status-publish","hentry"],"_links":{"self":[{"href":"https:\/\/elultimocigarrillo.com.ar\/index.php\/wp-json\/wp\/v2\/pages\/1687"}],"collection":[{"href":"https:\/\/elultimocigarrillo.com.ar\/index.php\/wp-json\/wp\/v2\/pages"}],"about":[{"href":"https:\/\/elultimocigarrillo.com.ar\/index.php\/wp-json\/wp\/v2\/types\/page"}],"author":[{"embeddable":true,"href":"https:\/\/elultimocigarrillo.com.ar\/index.php\/wp-json\/wp\/v2\/users\/1"}],"replies":[{"embeddable":true,"href":"https:\/\/elultimocigarrillo.com.ar\/index.php\/wp-json\/wp\/v2\/comments?post=1687"}],"version-history":[{"count":15,"href":"https:\/\/elultimocigarrillo.com.ar\/index.php\/wp-json\/wp\/v2\/pages\/1687\/revisions"}],"predecessor-version":[{"id":2537,"href":"https:\/\/elultimocigarrillo.com.ar\/index.php\/wp-json\/wp\/v2\/pages\/1687\/revisions\/2537"}],"wp:attachment":[{"href":"https:\/\/elultimocigarrillo.com.ar\/index.php\/wp-json\/wp\/v2\/media?parent=1687"}],"curies":[{"name":"wp","href":"https:\/\/api.w.org\/{rel}","templated":true}]}}